{"id":33,"date":"2015-05-13T08:57:39","date_gmt":"2015-05-13T08:57:39","guid":{"rendered":"http:\/\/dobron.home.pl\/autoinstalator\/wordpress2\/?page_id=33"},"modified":"2025-10-28T10:41:18","modified_gmt":"2025-10-28T10:41:18","slug":"kontakt","status":"publish","type":"page","link":"http:\/\/biblioteka.dobron.eu\/?page_id=33","title":{"rendered":"KONTAKT"},"content":{"rendered":"<h4><a href=\"http:\/\/biblioteka.dobron.eu\/wp-content\/uploads\/2019\/11\/biblioteka.jpg\"><img loading=\"lazy\" decoding=\"async\" class=\"alignnone size-medium wp-image-917\" src=\"http:\/\/biblioteka.dobron.eu\/wp-content\/uploads\/2019\/11\/biblioteka-300x300.jpg\" alt=\"\" width=\"300\" height=\"300\" srcset=\"http:\/\/biblioteka.dobron.eu\/wp-content\/uploads\/2019\/11\/biblioteka-300x300.jpg 300w, http:\/\/biblioteka.dobron.eu\/wp-content\/uploads\/2019\/11\/biblioteka-150x150.jpg 150w, http:\/\/biblioteka.dobron.eu\/wp-content\/uploads\/2019\/11\/biblioteka-768x766.jpg 768w, http:\/\/biblioteka.dobron.eu\/wp-content\/uploads\/2019\/11\/biblioteka-90x90.jpg 90w, http:\/\/biblioteka.dobron.eu\/wp-content\/uploads\/2019\/11\/biblioteka-75x75.jpg 75w, http:\/\/biblioteka.dobron.eu\/wp-content\/uploads\/2019\/11\/biblioteka.jpg 960w\" sizes=\"auto, (max-width: 300px) 100vw, 300px\" \/><\/a><\/h4>\n<h4><strong>Biblioteka Publiczna w Dobroniu<\/strong><\/h4>\n<p><em><strong>ul. Sienkiewicza 37 <\/strong><\/em><\/p>\n<p><em><strong>95-082 Dobro\u0144<\/strong><\/em><\/p>\n<p><strong>tel.(43) 677-25-35<\/strong><\/p>\n<p><strong><a href=\"mailto:biblioteka.dobron@dck.dobron.pl\">e-mail: biblioteka.dobron@dck.dobron.pl<\/a><\/strong><\/p>\n<p><span style=\"color: #0000ff;\"><strong>Kierownik: Marzena Madej<\/strong><\/span><\/p>\n<p><span style=\"color: #0000ff;\"><strong>st. bibliotekarz: Aneta Kupska<\/strong><\/span><\/p>\n<p>&nbsp;<\/p>\n<p><strong>Godziny otwarcia: <\/strong><\/p>\n<p><strong>poniedzia\u0142ek, \u015broda, czwartek, pi\u0105tek \u2013 8:00-16:00<\/strong><\/p>\n<p><strong>wtorek &#8211; 9:00-17:00<\/strong><\/p>\n<p><strong>sobota &#8211; 9:00 &#8211; 13:00<\/strong><strong>\u00a0<\/strong><\/p>\n<h4><strong>Filia Biblioteczna w Chechle <\/strong><strong>(w budynku Szko\u0142y Podstawowej w Chechle Drugim)<\/strong><\/h4>\n<p><em><strong>Chech\u0142o Drugie<\/strong><\/em><\/p>\n<p><em><strong>ul. Lipowa 1<\/strong><\/em><\/p>\n<p><em><strong> 95-082 Dobro\u0144<\/strong><\/em><\/p>\n<p><strong>tel.(43) 677 22-51<\/strong><\/p>\n<p><strong><a href=\"mailto:biblioteka.chechlo@dck.dobron.pl\">e-mail:biblioteka.chechlo@dck.dobron.pl<\/a><\/strong><\/p>\n<p><strong><span style=\"color: #0000ff;\">st. bibliotekarz: Aneta Osi\u0144ska<\/span><\/strong><\/p>\n<p><strong>Godziny otwarcia:<\/strong><\/p>\n<p><strong>poniedzia\u0142ek, \u015broda, czwartek, pi\u0105tek \u2013 8:00-16:00<\/strong><\/p>\n<p><strong>wtorek 9:00-17:00<\/strong><\/p>\n<p>&nbsp;<\/p>\n<p style=\"text-align: left;\">\n","protected":false},"excerpt":{"rendered":"<p>Biblioteka Publiczna w Dobroniu ul. Sienkiewicza 37 95-082 Dobro\u0144 tel.(43) 677-25-35 e-mail: biblioteka.dobron@dck.dobron.pl Kierownik: Marzena Madej st. bibliotekarz: Aneta Kupska &nbsp; Godziny otwarcia: poniedzia\u0142ek, \u015broda, czwartek, pi\u0105tek \u2013 8:00-16:00 wtorek &#8211; 9:00-17:00 sobota &#8211; 9:00 &#8211; 13:00\u00a0 Filia Biblioteczna w Chechle (w budynku Szko\u0142y Podstawowej w Chechle Drugim) Chech\u0142o Drugie ul. Lipowa 1 95-082 Dobro\u0144 tel.(43) 677 22-51 e-mail:biblioteka.chechlo@dck.dobron.pl st.<\/p>\n","protected":false},"author":1,"featured_media":0,"parent":0,"menu_order":0,"comment_status":"closed","ping_status":"open","template":"","meta":{"footnotes":""},"class_list":["post-33","page","type-page","status-publish","hentry"],"_links":{"self":[{"href":"http:\/\/biblioteka.dobron.eu\/index.php?rest_route=\/wp\/v2\/pages\/33","targetHints":{"allow":["GET"]}}],"collection":[{"href":"http:\/\/biblioteka.dobron.eu\/index.php?rest_route=\/wp\/v2\/pages"}],"about":[{"href":"http:\/\/biblioteka.dobron.eu\/index.php?rest_route=\/wp\/v2\/types\/page"}],"author":[{"embeddable":true,"href":"http:\/\/biblioteka.dobron.eu\/index.php?rest_route=\/wp\/v2\/users\/1"}],"replies":[{"embeddable":true,"href":"http:\/\/biblioteka.dobron.eu\/index.php?rest_route=%2Fwp%2Fv2%2Fcomments&post=33"}],"version-history":[{"count":22,"href":"http:\/\/biblioteka.dobron.eu\/index.php?rest_route=\/wp\/v2\/pages\/33\/revisions"}],"predecessor-version":[{"id":2934,"href":"http:\/\/biblioteka.dobron.eu\/index.php?rest_route=\/wp\/v2\/pages\/33\/revisions\/2934"}],"wp:attachment":[{"href":"http:\/\/biblioteka.dobron.eu\/index.php?rest_route=%2Fwp%2Fv2%2Fmedia&parent=33"}],"curies":[{"name":"wp","href":"https:\/\/api.w.org\/{rel}","templated":true}]}}